t g(h) = 268*h - 543. Calculate g(2).
-7
Let v(d) = 3*d**2 + 24*d - 6. Determine v(-8).
-6
Let b(j) = -j**2 - 103*j - 1769. What is b(-82)?
-47
Let j(w) = -w**3 - 78*w**2 + 288*w + 161. What is j(4)?
1
Let z(l) = -44*l**3 + 3*l**2 - 2*l + 10. Give z(2).
-334
Let k(f) = -f**2 - 84*f - 1790. What is k(-49)?
-75
Let y(o) = -41*o + 294. Give y(9).
-75
Let m(p) = -3*p**2 - 86*p - 41. Calculate m(-29).
-70
Let m(a) = a**3 - a**2 + 8*a + 22. Calculate m(7).
372
Let j(n) = 52*n + 471. Determine j(-9).
3
Let a(c) = 2*c**3 - 5*c**2 + 161*c - 312. Determine a(2).
6
Let n(j) = 13*j**2 - 148*j + 55. Determine n(11).
0
Let y(f) = -11*f**2 + 192*f - 644. Give y(4).
-52
Let w(x) = -37*x - 142. Give w(-4).
6
Let z(c) = c**3 + 3*c**2 - 89*c - 12. Calculate z(-11).
-1
Let m(s) = -30*s + 681. What is m(25)?
-69
Let n(x) = 16*x - 554. What is n(34)?
-10
Let r(y) = -12*y**3 + 3*y**2 - 56*y + 54. Give r(1).
-11
Let i(m) = -m**3 - 12*m**2 - 22*m - 38. Calculate i(-10).
-18
Let d(m) = 6*m**2 + 62*m + 125. Determine d(-3).
-7
Let s(x) = -267*x + 3471. Give s(13).
0
Let d(m) = 153*m + 961. Calculate d(-6).
43
Let c(j) = -j - 243. Calculate c(-191).
-52
Let z(c) = 22*c - 686. Determine z(28).
-70
Let j(m) = m**2 - 366*m - 2235. Determine j(-6).
-3
Let q(o) = -4*o**3 + 73*o**2 - 18*o + 37. What is q(18)?
37
Let p(j) = -261*j - 1556. Determine p(-6).
10
Let a(q) = 2*q**2 + 35*q + 37. Calculate a(-8).
-115
Let c(q) = q**3 - 10*q**2 - 18*q + 82. What is c(3)?
-35
Let x(g) = g**2 - 37*g + 207. Give x(31).
21
Let x(i) = -676*i - 1352. Calculate x(-2).
0
Let f(g) = -g**3 + 205*g**2 + 1. What is f(205)?
1
Let t(d) = 59*d - 3476. Calculate t(59).
5
Let j(p) = -p**3 - 99*p**2 + 627*p - 372. What is j(-105)?
-57
Let d(q) = 95*q - 1997. Determine d(21).
-2
Let j(h) = 10*h**3 + 12*h**2 + 15*h + 18. Calculate j(-2).
-44
Let k(u) = 212*u - 1573. Give k(7).
-89
Let y(w) = 3*w**3 - 96*w**2 + 28. Calculate y(32).
28
Let q(g) = -282*g - 1495. Determine q(-6).
197
Let k(w) = -w**3 + 3*w**2 + 9*w + 23. Determine k(0).
23
Let g(d) = -d**3 - d**2 + 9*d - 41. Give g(-8).
335
Let q(f) = -f**2 - 24*f - 11. What is q(0)?
-11
Let a(b) = 2*b**2 - 75*b + 6. What is a(39)?
123
Let m(x) = 6*x + 139. Give m(-11).
73
Let s(y) = 32*y**2 - 99*y - 126. Calculate s(4).
-10
Let p(l) = l**2 - 15*l + 20. Give p(5).
-30
Let r(q) = -2*q**3 + 27*q**2 - 22*q + 499. Determine r(14).
-5
Let i(n) = 2*n**3 + 114*n**2 - 112*n + 241. Determine i(-58).
9
Let v(r) = -102*r - 12. Give v(-3).
294
Let x(b) = -258*b - 260. Give x(-1).
-2
Let r(z) = 98*z + 14729. Determine r(-150).
29
Let c(d) = 3*d**2 - 18*d + 18. Give c(3).
-9
Let t(z) = 395*z + 563. Determine t(-2).
-227
Let l(p) = 181*p - 1127. Give l(6).
-41
Let x(w) = 407*w - 3312. Determine x(8).
-56
Let r(a) = -3*a**2 - 80*a - 294. Determine r(-21).
63
Let v(g) = -21*g**2 + 424*g + 330. Calculate v(21).
-27
Let m(g) = -g**2 + 54*g - 262. Give m(5).
-17
Let l(z) = -3*z**3 - 148*z**2 - 57*z - 251. Calculate l(-49).
141
Let n(w) = 367*w + 11750. Determine n(-32).
6
Let h(n) = n**3 + 7*n**2 - 169*n + 21. Determine h(-17).
4
Let t(s) = 6*s**2 - 30*s - 1177. Give t(17).
47
Let u(a) = -a**3 - 13*a**2 - 22*a - 30. Determine u(-12).
90
Let x(r) = -5*r**2 + 31*r - 157. Determine x(3).
-109
Let d(n) = n**2 + 190*n - 1382. Give d(7).
-3
Let n(j) = 11*j**2 - 5*j - 69. Calculate n(-5).
231
Let d(t) = 6*t + 175. Calculate d(-28).
7
Let t(r) = 91*r + 1626. Determine t(-20).
-194
Let q(r) = 24*r + 53. Give q(-5).
-67
Let m(k) = -k**3 + 33*k**2 - 246*k - 111. Give m(21).
15
Let r(p) = -2*p**3 + 36*p**2 - 22*p - 43. Calculate r(17).
161
Let t(k) = k**3 - 10*k + 14. Give t(4).
38
Let t(z) = -z**3 + 21*z**2 + 96*z - 1675. Calculate t(22).
-47
Let z(f) = f**3 + 34*f**2 - 58*f - 800. Calculate z(-35).
5
Let n(x) = -33*x + 38. What is n(0)?
38
Let k(n) = 5*n**3 - n**2 + 7*n - 74. Give k(0).
-74
Let y(k) = -373*k - 2007. Give y(-6).
231
Let l(t) = -t**3 - 6*t**2 + 23*t - 8. Determine l(-8).
-64
Let v(q) = -9*q**2 - 374*q + 2100. Determine v(5).
5
Let t(z) = -z**2 + 209*z + 2919. Determine t(-13).
33
Let k(h) = -h**3 - 13*h**2 - 48*h - 31. Give k(-7).
11
Let s(c) = c**2 - 17*c + 43. Give s(14).
1
Let g(z) = z**3 + 48*z**2 - 11*z - 37. What is g(-48)?
491
Let l(j) = -5*j**2 - 316*j + 1333. Give l(4).
-11
Let r(f) = f**3 - 12*f - 15. What is r(-4)?
-31
Let r(w) = -21*w**3 + 2*w**2 - w - 3. Calculate r(-1).
21
Let l(j) = -17*j - 122. Give l(-7).
-3
Let p(t) = -t**3 + 20*t**2 + 222*t + 61. Give p(28).
5
Let r(y) = -257*y + 3. Calculate r(0).
3
Let c(p) = 1279*p + 1312. What is c(-1)?
33
Let n(p) = 4*p**2 + 7*p + 108. What is n(15)?
1113
Let h(z) = -z**3 + 14*z**2 - 18*z + 16. What is h(13)?
-49
Let a(g) = 63*g + 13. Calculate a(0).
13
Let p(o) = 36*o - 730. Determine p(20).
-10
Let p(u) = 2*u**3 + 546*u**2 + 552*u + 2171. Calculate p(-272).
-5
Let p(i) = -3*i**2 - 127*i + 77. Determine p(-42).
119
Let b(s) = -3*s**3 - 32*s**2 - 15*s - 269. What is b(-11)?
17
Let t(a) = -a**2 + 8*a + 433. Calculate t(24).
49
Let p(b) = 2*b**2 + 125*b + 660. Determine p(-56).
-68
Let v(o) = 16*o - 272. Give v(16).
-16
Let v(q) = -q**3 + 40*q**2 - 86*q + 405. What is v(38)?
25
Let j(u) = -u**3 + u**2 - 39*u + 39. Give j(1).
0
Let p(x) = -191*x - 1013. Calculate p(-7).
324
Let n(i) = -5*i**3 + 391*i**2 - 85*i + 532. What is n(78)?
-14
Let u(b) = -3*b**2 - 1364*b - 4. Determine u(0).
-4
Let u(q) = -8*q**2 - 274*q + 36. Give u(-33).
366
Let t(w) = w**2 + 6929*w + 34613. Give t(-5).
-7
Let t(y) = 2*y**3 + 98*y**2 + 177*y - 513. What is t(-47)?
4
Let s(z) = -z**2 - 42*z + 95. What is s(-43)?
52
Let h(n) = n**3 - 3*n**2 - 43*n - 27. Calculate h(-6).
-93
Let z(g) = g**3 + 112*g**2 - 1090*g - 103. Determine z(-121).
18
Let s(h) = -h**3 + 6*h**2 + 3*h + 14. What is s(7)?
-14
Let f(o) = 7*o - 243. Determine f(-35).
-488
Let x(w) = -8*w**3 + 3*w**2 - 9*w + 8. What is x(1)?
-6
Let t(g) = -516*g - 2544. Calculate t(-5).
36
Let s(t) = 2*t**2 - 70*t + 145. What is s(33)?
13
Let h(w) = -29*w - 174. Determine h(-12).
174
Let c(w) = w**3 - 55*w**2 + 207*w - 166. Determine c(51).
-13
Let b(o) = -8*o**2 + 640*o + 12296. Determine b(96).
8
Let s(i) = -i**2 + 707*i - 29173. Determine s(44).
-1
Let t(w) = w**3 + 33*w**2 + 33*w + 22. Determine t(-32).
-10
Let f(x) = 43*x - 275. What is f(6)?
-17
Let r(z) = -12*z - 240. What is r(-17)?
-36
Let y(q) = 416*q + 2600. Give y(-6).
104
Let t(v) = 5*v**2 + 27*v + 197. What is t(-4)?
169
Let n(z) = 184*z + 756. Calculate n(-4).
20
Let c(d) = d**3 + 2*d**2 + 25*d + 27. What is c(-1)?
3
Let s(d) = 5*d**2 + 8*d - 31. What is s(5)?
134
Let q(a) = -9*a**2 - 65*a + 329. What is q(5)?
-221
Let o(i) = 26*i - 79. Determine o(5).
51
Let d(j) = 3*j**2 + 179*j - 65. What is d(-60)?
-5
Let n(s) = s**3 + 51*s**2 - 104*s - 5300. Calculate n(-51).
4
Let q(w) = -154*w + 134. Calculate q(1).
-20
Let l(k) = -16*k**2 + 32*k - 3. Calculate l(2).
-3
Let r(l) = -263*l**3 + l**2 - 1. What is r(1)?
-263
Let p(h) = 26*h + 39. Determine p(-6).
-117
Let p(q) = -q**2 - 825*q - 56251. What is p(-75)?
-1
Let f(b) = 3356*b + 46983. Determine f(-14).
-1
Let p(r) = 2*r**3 + 8*r**2 + 9*r + 78. What is p(-5)?
-17
Let v(x) = -71*x + 4568. What is v(64)?
24
Let t(x) = -x**3 - 47*x**2 + 152*x + 120. What is t(-50)?
20
Let a(v) = v**3 + 102*v**2 + 91*v - 1104. Calculate a(-101).
-94
Let d(c) = -23*c**2 - 118*c - 3. What is d(-5)?
12
Let y(a) = -1386*a - 5547. Calculate y(-4).
-3
Let s(r) = 3*r**2 + 69*r + 73. Determine s(-22).
7
Let t(k) = k**2 + 27*k - 176. What is t(-25)?
-226
Let p(f) = 7*f**3 - 4*f**2 + 13*f - 20. What is p(2)?
46
Let u(s) = -94*s + 1156. Give u(12).
28
Let l(k) = 83*k - 891. Give l(11).
22
Let w(y) = 32*y - 1516. Calculate w(31).
-524
Let s(m) = m**3 - 5*m**2 + 150*m - 1224. What is s(8)?
168
Let i(x) = -413*x + 23959. Calculate i(58).
5
Let d(o) = 15*o**2 - 883*o - 43. Determine d(59).
75
Let a(r) = -165*r - 140. Calculate a(-1).
25
Let s(a) = 1835*a + 9185. Calculate s(-5).
10
Let b(x) = 70*x**3 - 4*x**2 + 5*x - 5. Calculate b(2).
549
Let q(p) = 5*p**2 + 38*p - 799. Give q(-17).
0
Let f(k) = -19*k - 26. Determine f(-8).
126
Let h(t) = -75*t - 516. Calculate h(-7).
9
Let w(t) = -4*t**2 + 117*t + 618. Give w(-5).
-67
Let m(c) = -c**3 + 5*c**2 + 41*c - 57. Calculate m(9).
-12
Let h(t) = -t**2 - 41*t + 272. Calculat